3 - -3. Determine d(a).
3
Let n(y) = 7*y + 7. Let l(s) = 8*s + 8. Let c(g) = -4*l(g) + 5*n(g). Calculate c(-2).
-3
Let k be 9/(((-12)/8)/1). Let y(q) = -q**3 - 6*q**2 - 2*q - 6. Determine y(k).
6
Let w(l) = -6*l. Suppose 4*p - 17 = v, -3*p = -4*v - 4*p. What is w(v)?
6
Let w(r) = -7*r + 3*r + r**3 + 5*r - 4*r**3. Calculate w(-1).
2
Suppose -c + 4*o = 0, -o + 6*o = 4*c + 11. Let t(j) = -4*j - 2. Let n(i) = 3*i + 0 - 3 - 8*i - 2*i. Let b(p) = -3*n(p) + 5*t(p). What is b(c)?
-5
Let c(j) = -j**2. Let p(i) = 2*i - 3. Let s be p(4). Let l be s + -4 - (-1 - -1). Determine c(l).
-1
Let u(i) = i**3 + i**2 - i + 1. Let y be u(0). Suppose -y + 5 = b. Let z(f) = -f**2 + 5*f - 5. Calculate z(b).
-1
Suppose 0 = -3*h - 0*h - 6. Let l(w) = 17*w + 2. Let z(n) = 6*n + 1. Let j(c) = 3*l(c) - 8*z(c). Give j(h).
-8
Let r = 9 - 4. Let k(g) be the second derivative of -9/2*g**2 + 1/6*g**3 - 2*g + 0. What is k(r)?
-4
Suppose -w = -5*w - 24. Let t(i) = -8*i - 8. Suppose -3*l = l + 4. Let d(x) = x + 1. Let n(m) = l*t(m) + w*d(m). Determine n(-3).
-4
Let b(z) = -2*z**2 - 23*z + 7. Let y(g) = g**2 + 11*g - 4. Let d(m) = -3*b(m) - 7*y(m). Calculate d(-8).
7
Let j(h) = -2 - 4*h**3 + 3*h**3 + 3*h - 2*h**3 + 2*h**3 - 3*h**2. Determine j(-3).
-11
Let a(r) = r**3 - 5*r**2 - 7*r - 4. Let d be 2 + 2 - 6/(-3). Give a(d).
-10
Let c(k) = 4*k**3 - 4*k**2 + k - 8. Let y(o) = -11*o**3 + 12*o**2 - 2*o + 23. Let v(h) = -8*c(h) - 3*y(h). Let q = 22 + -17. What is v(q)?
10
Let t = -4 + 1. Let q(r) = r**2 + r - 2. Let j be q(t). Let v(x) = -2 + j + 3*x - 1. Determine v(1).
4
Let c(l) = 0*l**2 + 2*l**2 + 5 + 2*l**2 - 3*l**2 - 8*l. Give c(6).
-7
Let l = 29 - 18. Let m(n) = 3*n**3 + 4*n**2 + 11*n - 2. Let b(r) = r**3 + 2*r**2 + 6*r - 1. Let g(u) = l*b(u) - 6*m(u). Calculate g(1).
-8
Let y(n) = -n - 2. Let b(d) be the third derivative of -d**4/8 + 3*d**2. Let x be b(1). Give y(x).
1
Let v(n) be the third derivative of -n**4/24 + n**3/3 - 26*n**2. Let r be 2/(-2*1)*3. Determine v(r).
5
Suppose 3*j = 3*l, l - 4*l - 5*j + 24 = 0. Let v(m) = -4 - l*m - 3*m + 7*m. Suppose 2*s + 8 = 4*s. Give v(s).
0
Let b(t) = 1. Let g(i) be the first derivative of -5*i**2/2 + i + 6. Let w(x) = -2*b(x) + g(x). Give w(-2).
9
Suppose 0 = p + p - 2. Let k(c) = -6*c - 2. Let d(r) = -r. Let a(g) = p*k(g) - 5*d(g). Give a(0).
-2
Let t be (14/(-4))/(-7)*12. Let v(q) = q. Let c be v(8). Let k(w) = w - 3 - c + 3 + 2. What is k(t)?
0
Let m(d) = 2*d + 1. Let b(w) = -w**3 - 5*w**2 + 4*w - 6. Let h be b(-6). What is m(h)?
13
Let f(t) = -6*t**3 - t**2 - 5*t + 5. Let s(k) = -6*k**3 - k**2 - 4*k + 4. Let n(x) = 5*f(x) - 6*s(x). Suppose 1 = r - 0*r. Determine n(r).
7
Let l(r) = -27*r**3 + r**2 + 7*r - 4. Let c(q) = -18*q**3 + q**2 + 5*q - 3. Let j(n) = 7*c(n) - 5*l(n). Calculate j(-1).
-8
Suppose -4*x - 2*p - 3 = 25, -x + 3 = -2*p. Let u(d) = -d**3 + d**2 - d - 1. Let v(z) = 6*z**3 + 4*z + 1. Let w(k) = x*u(k) - v(k). Calculate w(-5).
-1
Let l(o) be the second derivative of -2*o**4/3 + o**3/6 - 8*o. Give l(-1).
-9
Let z(p) = p**2 + p - 3. Suppose -6 = 2*o - 4*l + 4, 22 = 2*o + 4*l. Determine z(o).
9
Let w(r) = -3*r**2 - r. Let n(k) = k**2 + k. Let i(v) = 2*n(v) + w(v). Suppose c - 4 = 2*l + 3, -3*c = 4*l - 1. What is i(l)?
-6
Let l(z) = -z**2 - 6*z - 1. Let j be (-2)/(-4) - (-66)/(-12). What is l(j)?
4
Let z(q) = q**2 - 148*q**3 + 149*q**3 + 3 - 4. Determine z(-1).
-1
Let x(k) = k**2 - 4*k - 2. Let b(j) = -j**3 + 10*j**2 - 4. Let q be b(10). Let a be -1*3 + (q - -12). What is x(a)?
3
Let w(t) = -t**2 + 5*t - 6. Let m = -14 - -18. Let a be (m/2)/(4/10). Calculate w(a).
-6
Suppose 0 = -5*o + 5*b - 40, 18 = 5*b - 7. Let y(c) = -c**2 - c + 3. Determine y(o).
-3
Let y(w) = -w**2 + 8*w - 3. Suppose 8 = -9*p + 11*p. Determine y(p).
13
Let c(k) = 18*k**2 - 24*k**2 + 6*k - 11*k**3 - 5 + 12*k**3. Give c(5).
0
Suppose 5*b - 10 = -2*z - 0, 3*b - z - 6 = 0. Suppose -3 - b = -5*h. Let p(q) be the first derivative of 3*q**2/2 + 2. What is p(h)?
3
Let u be 9*(-2 + (1 - -2)). Let a(y) = 4*y**2 + 6 - 5*y**2 - u*y + 3*y + 0*y. Determine a(-6).
6
Let n(h) = 7*h**2 - 2*h**3 - 5*h - 8 - 4*h**3 + 5*h**3. Let d(s) = s**3 + 7*s**2 + s + 13. Let t be d(-7). Calculate n(t).
-2
Let i(b) = b**3 - 5*b**2 - 5*b - 4. Let k be i(6). Let u be ((-1)/(-1))/((-1)/k). Let a(g) = g**3 - 3*g - 2. What is a(u)?
-4
Let r = 152 + -262. Let f = r + 75. Let j be (-119)/f - 2/5. Let y(s) = s**3 - 4*s**2 + 3*s - 3. What is y(j)?
-3
Let g(v) = 2*v**2 - 2*v + 1. Let k(a) = a**3 - 8*a**2 + 2*a - 5. Let p be k(8). Suppose 6*u + 5 = p*u. Calculate g(u).
1
Let r(y) be the third derivative of -y**5/20 + y**4/24 + 8*y**2. Give r(-2).
-14
Let g(u) = -4*u**2 - 21*u - 1. Let a(c) = -c**2 - 5*c. Let n(p) = -9*a(p) + 2*g(p). Calculate n(-5).
8
Let z(v) = -2*v - 2. Let m(y) = y + 1. Let r(h) = -2*h**3 - 2*h**2 + 3*h + 3. Let l be r(-2). Let j be 0 + 5 + (-2)/1. Let n(p) = j*z(p) + l*m(p). Give n(-2).
1
Let d(f) = -2*f**3 - 2*f**2 - f + 4. Let v(t) be the third derivative of t**6/120 + t**5/60 - 3*t**2. Let s(n) = -d(n) - v(n). What is s(0)?
-4
Let d(q) = 4*q**3 + 1. Let j(l) = -l**3 + 11*l**2 + 11*l + 15. Let g be j(12). Let p be (-1 + (g - 3))*2. Let y be 2/(-1 + -3)*p. What is d(y)?
5
Let j(l) = -3*l + 0*l + 30 - 33 - 2*l - l**2. Determine j(-6).
-9
Let k(n) = -n**3 - 6*n**2 - 5*n + 1. Let t be (-2 - (-2 + 0))/(-2). Let r = -5 - t. Give k(r).
1
Let x be 201/(-15) - (-2)/5. Let z = -8 - x. Let q(l) = -4*l + 1 + 5*l - 4. Determine q(z).
2
Let r = -2 - -6. Let d be 0 - 3 - -2*r. Let y(i) = i**3 - 6*i**2 + 7*i - 6. Calculate y(d).
4
Let c(o) be the third derivative of 0 - 2*o**2 - 1/40*o**5 + 1/6*o**4 + 0*o - 1/3*o**3. Let g(b) be the first derivative of c(b). Calculate g(3).
-5
Let j(t) = 2*t + 0*t**2 + 2*t + 3 - 3*t**2 - 5*t**3. Suppose 3*w = -25 - 2. Let b(r) = -9*r**3 - 7*r**2 + 9*r + 7. Let z(u) = w*j(u) + 4*b(u). What is z(1)?
9
Let l be (-60)/(-45)*(2 - -1). Let a(m) = -2*m**2 + 5*m + 2. Determine a(l).
-10
Let i(u) = 2*u + 57. Let b be i(-28). Let x(y) = -y + 1. Calculate x(b).
0
Let s(t) = -5*t + 1. Let a(p) = 2*p. Let z(o) = -8*a(o) - 3*s(o). Give z(-6).
3
Let g(d) = -3*d + 14. Let o(k) = -k + 7. Suppose s - b + 3 = -2*b, -2*b = 0. Let y(f) = s*g(f) + 7*o(f). Determine y(-5).
-3
Let s(b) = -5*b**2 - 21*b - 26. Let d(m) = m**2 + 4*m + 5. Let u(z) = 11*d(z) + 2*s(z). What is u(-2)?
3
Suppose 6*d - 2*d - 20 = 0. Suppose -d*g + 5 = -0*g. Let a(j) = j**2 + j. Give a(g).
2
Let h = -2/123 + 163/2460. Let l(i) be the second derivative of -1/2*i**3 + 1/3*i**4 + 0 + 3/2*i**2 + h*i**5 - i. Give l(-5).
-7
Suppose f - r = -3*f + 28, 0 = 2*f - 2*r - 14. Let y(o) = o**2 - 7*o + 4. Let s be y(f). Let k(i) = -i**2 + 3*i + 4. Calculate k(s).
0
Suppose -3 + 12 = 3*k. Let h(m) = -k*m + 2*m + 1 + 2. Suppose 12*z = 9*z. Give h(z).
3
Let x(v) = v - 1. Let p be x(-1). Let s(r) = 9*r + 6. Let f(t) = -14*t - 9. Let g(n) = 5*f(n) + 8*s(n). Give g(p).
-1
Let w(r) = -12*r**3 + r**2 - 1. Suppose -1 + 7 = -6*p. Calculate w(p).
12
Let h(r) = -r**2 + 5*r + 9. Let a(k) = 3*k**2 - 2*k - 1. Let o be a(2). Determine h(o).
-5
Let i(s) = -s**3 + 5*s - 2. Let j(k) = -2*k**3 + k**2 + 9*k - 3. Let z(f) = -5*i(f) + 3*j(f). What is z(4)?
-7
Let t(w) = w**3 - 3*w**2. Let m be 4/14 + (-57)/(-21). Give t(m).
0
Let q(m) = m - 1. Let k(p) = p + 2. Let t be k(3). Let w = t + -5. Let j be q(w). Let f(i) = -7*i. Give f(j).
7
Let w(a) = -5*a + 1. Suppose -5 = -5*j - 25. Let c(n) = -4*n. Let z(u) = j*c(u) + 3*w(u). Give z(0).
3
Let m(s) be the third derivative of -s**4/24 + s**3 - s**2. Let o(l) = -l**2 + 4. Let c be o(0). Let y(p) = -p**2 + 5*p + 1. Let n be y(c). What is m(n)?
1
Let g(u) be the third derivative of -u**5/30 + u**4/24 - 4*u**2. Give g(1).
-1
Suppose 2*q = 4*z + 8, 2*q - 20 = -0*z - 2*z. Let i = -4 + q. Let w(t) = -2*t**2 + 5*t + 4. Give w(i).
-8
Let b(z) = 2*z + 5. Let i = -13 - -21. Let s(f) = -3 - 1 + 7*f**2 + f**2 - 4*f**3 + 3*f**3. Let l be s(i). Calculate b(l).
-3
Let k(t) be the first derivative of t**6/120 - t**5/12 - t**4/12 + t**2 - 4. Let h(q) be the second derivative of k(q). Determine h(5).
-10
Let i(k) = -3*k + 7. Suppose -138 = -14*d - 54. What is i(d)?
-11
Let g(l) = -11*l**3 - 17*l**2 + 26*l + 7. Let v(d) = 4*d**3 + 6*d**2 - 9*d - 2. Let f(h) = -3*g(h) - 8*v(h). Determine f(-4).
3
Let d(t) = t**2 - 